vided by 9.
4
Calculate the remainder when 1606886 is divided by 746.
2
What is the remainder when 17513431 is divided by 74?
73
What is the remainder when 4586854 is divided by 108?
94
Calculate the remainder when 2266972 is divided by 590.
192
Calculate the remainder when 1386164 is divided by 1386114.
50
What is the remainder when 205462424 is divided by 425?
424
What is the remainder when 68045077 is divided by 133947?
1
Calculate the remainder when 449895 is divided by 449890.
5
What is the remainder when 3440241 is divided by 550?
541
Calculate the remainder when 34173 is divided by 3286.
1313
Calculate the remainder when 1118967 is divided by 2984.
2951
Calculate the remainder when 8001030 is divided by 949.
11
Calculate the remainder when 673692 is divided by 1243.
1229
What is the remainder when 2178210 is divided by 990?
210
What is the remainder when 10545577 is divided by 292?
289
What is the remainder when 303689 is divided by 242?
221
Calculate the remainder when 52327308 is divided by 11649.
0
Calculate the remainder when 56741861 is divided by 637549.
0
Calculate the remainder when 2941497 is divided by 2423.
2398
What is the remainder when 5269429 is divided by 24?
13
What is the remainder when 10346455 is divided by 4479?
4444
Calculate the remainder when 5156904 is divided by 6312.
0
What is the remainder when 66929 is divided by 66907?
22
Calculate the remainder when 28721172 is divided by 19.
12
What is the remainder when 119782 is divided by 218?
100
What is the remainder when 21789839 is divided by 1521?
1514
Calculate the remainder when 48240309 is divided by 1556139.
0
What is the remainder when 23251 is divided by 4504?
731
Calculate the remainder when 550418 is divided by 2176.
2066
Calculate the remainder when 733935 is divided by 1826.
1709
Calculate the remainder when 3858533 is divided by 32.
5
Calculate the remainder when 1657943 is divided by 72.
71
What is the remainder when 1167361 is divided by 145911?
73
What is the remainder when 68450587 is divided by 13?
10
Calculate the remainder when 94578 is divided by 87.
9
What is the remainder when 4449839 is divided by 27?
23
Calculate the remainder when 121218 is divided by 283.
94
Calculate the remainder when 10946240 is divided by 210.
200
Calculate the remainder when 129191338 is divided by 166.
12
What is the remainder when 1090671 is divided by 218117?
86
What is the remainder when 905323 is divided by 905036?
287
Calculate the remainder when 1931061 is divided by 395.
301
What is the remainder when 16745866 is divided by 7?
4
Calculate the remainder when 14352 is divided by 1996.
380
Calculate the remainder when 134679 is divided by 444.
147
What is the remainder when 429173 is divided by 107285?
33
Calculate the remainder when 39654 is divided by 5291.
2617
What is the remainder when 1702378 is divided by 27899?
539
What is the remainder when 2872797 is divided by 1436383?
31
What is the remainder when 2902763 is divided by 35835?
128
What is the remainder when 3005982 is divided by 1502962?
58
What is the remainder when 366915669 is divided by 10?
9
What is the remainder when 85547872 is divided by 34329?
4
Calculate the remainder when 624633 is divided by 14.
9
Calculate the remainder when 26402 is divided by 592.
354
Calculate the remainder when 59885 is divided by 5981.
75
What is the remainder when 171204 is divided by 51?
48
What is the remainder when 3707409 is divided by 3707398?
11
What is the remainder when 59700704 is divided by 18?
14
What is the remainder when 28936456 is divided by 171?
7
Calculate the remainder when 654432090 is divided by 332.
330
What is the remainder when 144728107 is divided by 183?
178
Calculate the remainder when 219085 is divided by 3406.
1101
Calculate the remainder when 6401042 is divided by 1280205.
17
What is the remainder when 1908158 is divided by 39753?
14
What is the remainder when 85324581 is divided by 4191?
12
Calculate the remainder when 6454257 is divided by 6441.
375
What is the remainder when 17042282 is divided by 283?
22
Calculate the remainder when 217418484 is divided by 143.
140
Calculate the remainder when 257151 is divided by 85698.
57
Calculate the remainder when 2857894 is divided by 5094.
160
What is the remainder when 26714957 is divided by 46?
43
What is the remainder when 45111348 is divided by 3759279?
0
What is the remainder when 373434 is divided by 41492?
6
What is the remainder when 1358628 is divided by 5831?
5
Calculate the remainder when 2724328 is divided by 1123.
1053
Calculate the remainder when 367289 is divided by 780.
689
Calculate the remainder when 2346535 is divided by 130362.
19
What is the remainder when 53494616 is divided by 151?
148
Calculate the remainder when 48736 is divided by 2549.
305
Calculate the remainder when 2211044 is divided by 17008.
4
What is the remainder when 244254 is divided by 756?
66
What is the remainder when 923055 is divided by 62?
61
What is the remainder when 6856869 is divided by 252?
201
What is the remainder when 181830 is divided by 9219?
6669
Calculate the remainder when 120683 is divided by 178.
177
What is the remainder when 123035 is divided by 435?
365
Calculate the remainder when 188477521 is divided by 44.
1
Calculate the remainder when 6830144 is divided by 250.
144
Calculate the remainder when 59044 is divided by 3895.
619
What is the remainder when 8391404 is divided by 599383?
42
Calculate the remainder when 29770094 is divided by 425287.
4
What is the remainder when 84559 is divided by 1007?
978
Calculate the remainder when 117845271 is divided by 8.
7
What is the remainder when 4436 is divided by 3258?
1178
What is the remainder when 12749319 is divided by 1274931?
9
Calculate the remainder when 24240959 is divided by 320.
319
What is the remainder when 328056 is divided by 162806?
2444
What is the remainder when 725362 is divided by 362633?
96
What is the remainder when 156590 is divided by 5075?
4340
Calculate the remainder when 218948 is divided by 6.
2
What is the remainder when 292738 is divided by 544?
66
Calculate the remainder when 744859 is divided by 24023.
146
What is the remainder when 1332854 is divided by 45?
44
Calculate the remainder when 403036 is divided by 201486.
64
Calculate the remainder when 1916166 is divided by 383208.
126
What is the remainder when 5099722 is divided by 321?
316
What is the remainder when 135190884 is divided by 13?
10
Calculate the remainder when 4009337 is divided by 8199.
26
Calculate the remainder when 326968 is divided by 618.
46
What is the remainder when 214799 is divided by 558?
527
What is the remainder when 42078032 is divided by 156?
152
What is the remainder when 4908044 is divided by 350574?
8
Calculate the remainder when 79128 is divided by 13186.
12
Calculate the remainder when 126152646 is divided by 136.
134
What is the remainder when 788643 is divided by 143?
141
Calculate the remainder when 30872 is divided by 193.
185
What is the remainder when 3906566 is divided by 12?
2
Calculate the remainder when 190595 is divided by 2570.
415
Calculate the remainder when 13155382 is divided by 2747.
2746
Calculate the remainder when 10993 is divided by 5410.
173
What is the remainder when 773143 is divided by 11354?
1071
What is the remainder when 915419 is divided by 5005?
4509
Calculate the remainder when 828417 is divided by 51776.
1
What is the remainder when 691997 is divided by 3766?
2819
Calculate the remainder when 1738946 is divided by 43473.
26
What is the remainder when 108408 is divided by 27045?
228
What is the remainder when 2794318 is divided by 23278?
958
Calculate the remainder when 993286 is divided by 70945.
56
Calculate the remainder when 13531241 is divided by 76882.
9
What is the remainder when 3783046 is divided by 47288?
6
Calculate the remainder when 4022639 is divided by 804513.
74
What is the remainder when 43319 is divided by 43253?
66
What is the remainder when 66559810 is divided by 14?
2
What is the remainder when 2519105 is divided by 1259527?
51
What is the remainder when 3007982 is divided by 532?
54
Calculate the remainder when 383642 is divided by 127865.
47
Calculate the remainder when 33972869 is divided by 8493215.
9
What is the rema